{"id":70,"date":"2020-03-02T12:29:09","date_gmt":"2020-03-02T12:29:09","guid":{"rendered":"https:\/\/themecrafter.com\/kyber\/?page_id=70"},"modified":"2024-04-17T22:52:21","modified_gmt":"2024-04-17T20:52:21","slug":"home","status":"publish","type":"page","link":"http:\/\/aeroklubradom.pl\/","title":{"rendered":"Home"},"content":{"rendered":"<section class=\"wpb-content-wrapper\"><p>[vc_row css=&#8221;.vc_custom_1587122763269{margin-top: -33px !important;padding-top: 0px !important;padding-bottom: 0px !important;}&#8221; row_css_md=&#8221;.vc_custom_1587122763270{margin-top: 0px !important;}&#8221;][vc_column]\n\t\t\t<!-- START Slider 2 REVOLUTION SLIDER 6.6.16 --><p class=\"rs-p-wp-fix\"><\/p>\n\t\t\t<rs-module-wrap id=\"rev_slider_1_1_wrapper\" data-source=\"gallery\" style=\"visibility:hidden;background:transparent;padding:0;margin:0px auto;margin-top:0;margin-bottom:0;\">\n\t\t\t\t<rs-module id=\"rev_slider_1_1\" style=\"\" data-version=\"6.6.16\">\n\t\t\t\t\t<rs-slides style=\"overflow: hidden; position: absolute;\">\n\t\t\t\t\t\t<rs-slide style=\"position: absolute;\" data-key=\"rs-1\" data-title=\"Slide\" data-in=\"o:0;\" data-out=\"a:false;\">\n\t\t\t\t\t\t\t<img decoding=\"async\" src=\"\/\/aeroklubradom.pl\/wp-content\/plugins\/revslider\/public\/assets\/assets\/dummy.png\" alt=\"\" title=\"slider2\" width=\"1920\" height=\"750\" class=\"rev-slidebg tp-rs-img rs-lazyload\" data-lazyload=\"\/\/aeroklubradom.pl\/wp-content\/uploads\/2024\/01\/slider2.jpg\" data-no-retina>\n<!--\n\t\t\t\t\t\t\t--><rs-layer\n\t\t\t\t\t\t\t\tid=\"slider-1-slide-1-layer-0\" \n\t\t\t\t\t\t\t\tdata-type=\"text\"\n\t\t\t\t\t\t\t\tdata-color=\"#09162a\"\n\t\t\t\t\t\t\t\tdata-rsp_ch=\"on\"\n\t\t\t\t\t\t\t\tdata-xy=\"xo:60px,60px,48px,29px;y:m;yo:-210px,-210px,-128px,-78px;\"\n\t\t\t\t\t\t\t\tdata-text=\"w:normal;s:16,16,14,8;l:24,24,15,9;fw:700;\"\n\t\t\t\t\t\t\t\tdata-vbility=\"t,t,t,f\"\n\t\t\t\t\t\t\t\tdata-frame_0=\"x:50,50,31,19;\"\n\t\t\t\t\t\t\t\tdata-frame_1=\"st:640;sp:1000;sR:640;\"\n\t\t\t\t\t\t\t\tdata-frame_999=\"o:0;st:w;sR:7360;\"\n\t\t\t\t\t\t\t\tstyle=\"z-index:10;font-family:'Muli';text-transform:uppercase;\"\n\t\t\t\t\t\t\t>Aeroklub Radomski \n\t\t\t\t\t\t\t<\/rs-layer><!--\n\n\t\t\t\t\t\t\t--><rs-layer\n\t\t\t\t\t\t\t\tid=\"slider-1-slide-1-layer-1\" \n\t\t\t\t\t\t\t\tdata-type=\"text\"\n\t\t\t\t\t\t\t\tdata-color=\"#09162a\"\n\t\t\t\t\t\t\t\tdata-rsp_ch=\"on\"\n\t\t\t\t\t\t\t\tdata-xy=\"xo:60px,60px,48px,47px;y:m;yo:-81px,-81px,-51px,-21px;\"\n\t\t\t\t\t\t\t\tdata-text=\"w:nowrap;s:90,90,55,40;l:100,100,60,46;fw:700;\"\n\t\t\t\t\t\t\t\tdata-frame_0=\"x:50,50,31,19;\"\n\t\t\t\t\t\t\t\tdata-frame_1=\"st:850;sp:1000;sR:850;\"\n\t\t\t\t\t\t\t\tdata-frame_999=\"o:0;st:w;sR:7150;\"\n\t\t\t\t\t\t\t\tstyle=\"z-index:9;font-family:'Rajdhani';\"\n\t\t\t\t\t\t\t>Marzysz o lataniu? <br \/>\n<span class=\"skincolor\">Dobrze trafi\u0142e\u015b!<\/span> \n\t\t\t\t\t\t\t<\/rs-layer><!--\n\n\t\t\t\t\t\t\t--><rs-layer\n\t\t\t\t\t\t\t\tid=\"slider-1-slide-1-layer-2\" \n\t\t\t\t\t\t\t\tdata-type=\"shape\"\n\t\t\t\t\t\t\t\tdata-rsp_ch=\"on\"\n\t\t\t\t\t\t\t\tdata-xy=\"xo:30px;yo:160px,160px,103px,114px;\"\n\t\t\t\t\t\t\t\tdata-text=\"w:normal;s:20,20,12,7;l:0,0,15,9;\"\n\t\t\t\t\t\t\t\tdata-dim=\"w:5px,5px,3px,3px;h:270px,270px,174px,80px;\"\n\t\t\t\t\t\t\t\tdata-frame_0=\"x:-50,-50,-31,-19;\"\n\t\t\t\t\t\t\t\tdata-frame_1=\"sp:1000;\"\n\t\t\t\t\t\t\t\tdata-frame_999=\"o:0;st:w;sR:8000;\"\n\t\t\t\t\t\t\t\tstyle=\"z-index:11;background-color:#fd972e;\"\n\t\t\t\t\t\t\t> \n\t\t\t\t\t\t\t<\/rs-layer><!--\n\n\t\t\t\t\t\t\t--><rs-layer\n\t\t\t\t\t\t\t\tid=\"slider-1-slide-1-layer-3\" \n\t\t\t\t\t\t\t\tdata-type=\"text\"\n\t\t\t\t\t\t\t\tdata-color=\"#09162a\"\n\t\t\t\t\t\t\t\tdata-rsp_ch=\"on\"\n\t\t\t\t\t\t\t\tdata-xy=\"xo:67px,67px,53px,32px;yo:409px,409px,261px,181px;\"\n\t\t\t\t\t\t\t\tdata-text=\"w:normal;s:20,20,15,9;l:25,25,18,11;fw:600;\"\n\t\t\t\t\t\t\t\tdata-vbility=\"t,t,t,f\"\n\t\t\t\t\t\t\t\tdata-frame_0=\"x:50,50,31,19;\"\n\t\t\t\t\t\t\t\tdata-frame_1=\"st:1050;sp:1000;sR:1050;\"\n\t\t\t\t\t\t\t\tdata-frame_999=\"o:0;st:w;sR:6950;\"\n\t\t\t\t\t\t\t\tstyle=\"z-index:8;font-family:'Muli';\"\n\t\t\t\t\t\t\t>Zapisz si\u0119 na szkolenie \n\t\t\t\t\t\t\t<\/rs-layer><!--\n\n\t\t\t\t\t\t\t--><a\n\t\t\t\t\t\t\t\tid=\"slider-1-slide-1-layer-4\" \n\t\t\t\t\t\t\t\tclass=\"rs-layer rev-btn\"\n\t\t\t\t\t\t\t\thref=\"http:\/\/aeroklubradom.pl\/index.php\/szkolenia\/\" target=\"_self\"\n\t\t\t\t\t\t\t\tdata-type=\"button\"\n\t\t\t\t\t\t\t\tdata-rsp_ch=\"on\"\n\t\t\t\t\t\t\t\tdata-xy=\"xo:30px;y:m;yo:130px,130px,83px,63px;\"\n\t\t\t\t\t\t\t\tdata-text=\"w:normal;s:16,16,12,13;l:55,55,38,35;ls:0,0,0.5px,0.5px;fw:600;\"\n\t\t\t\t\t\t\t\tdata-dim=\"minh:0px,0px,none,none;\"\n\t\t\t\t\t\t\t\tdata-padding=\"r:30,30,20,15;l:30,30,20,15;\"\n\t\t\t\t\t\t\t\tdata-frame_0=\"y:bottom;\"\n\t\t\t\t\t\t\t\tdata-frame_1=\"st:1490;sp:1000;sR:1490;\"\n\t\t\t\t\t\t\t\tdata-frame_999=\"o:0;st:w;sR:6510;\"\n\t\t\t\t\t\t\t\tdata-frame_hover=\"bgc:#09162a;bor:0px,0px,0px,0px;sp:200;e:power1.inOut;\"\n\t\t\t\t\t\t\t\tstyle=\"z-index:12;background-color:#fd972e;font-family:'Muli';\"\n\t\t\t\t\t\t\t>Czytaj wi\u0119cej \n\t\t\t\t\t\t\t<\/a><!--\n-->\t\t\t\t\t\t<\/rs-slide>\n\t\t\t\t\t<\/rs-slides>\n\t\t\t\t<\/rs-module>\n\t\t\t\t<script>\n\t\t\t\t\tsetREVStartSize({c: 'rev_slider_1_1',rl:[1240,1240,778,480],el:[750,750,480,350],gw:[1200,1200,778,480],gh:[750,750,480,350],type:'standard',justify:'',layout:'fullwidth',mh:\"0\"});if (window.RS_MODULES!==undefined && window.RS_MODULES.modules!==undefined && window.RS_MODULES.modules[\"revslider11\"]!==undefined) {window.RS_MODULES.modules[\"revslider11\"].once = false;window.revapi1 = undefined;if (window.RS_MODULES.checkMinimal!==undefined) window.RS_MODULES.checkMinimal()}\n\t\t\t\t<\/script>\n\t\t\t<\/rs-module-wrap>\n\t\t\t<!-- END REVOLUTION SLIDER -->\n[\/vc_column][\/vc_row][vc_row full_width=&#8221;stretch_row&#8221; bg_color_scheme=&#8221;tertiary&#8221; row_css_md=&#8221;.vc_custom_1588432042623{background-position: 0 0 !important;background-repeat: no-repeat !important;}&#8221; el_class=&#8221;row-overflow-vs kyber-z-index-1&#8243; css=&#8221;.vc_custom_1588432042621{padding-bottom: 0px !important;}&#8221; row_css_xs=&#8221;.vc_custom_1588432042624{padding-top: 0px !important;}&#8221;][vc_column bg_position=&#8221;right-top&#8221; css=&#8221;.vc_custom_1588432154887{margin-top: -200px !important;padding-top: 80px !important;padding-right: 60px !important;padding-bottom: 50px !important;padding-left: 60px !important;background: #ffffff url(https:\/\/themecrafter.com\/kyber\/wp-content\/uploads\/2020\/03\/bg-01.jpg?id=108) !important;background-position: 0 0 !important;background-repeat: no-repeat !important;}&#8221; column_css_xs=&#8221;.vc_custom_1588432154890{margin-top: 0px !important;padding-top: 60px !important;padding-right: 15px !important;padding-bottom: 30px !important;padding-left: 15px !important;}&#8221;][vc_row_inner content_placement=&#8221;middle&#8221;][vc_column_inner width=&#8221;5\/12&#8243;]\t\t<div  class=\"kyber_custom_heading_wrapper kyber-custom-heading-7657565 kyber-shortcode-wrapper custom-heading-style-1 subtitle-text- title-text- heading-alignment- kyber-light-space\">\r\n\t\t\t<div class=\"kyber-custom-heading-wrapper\">\r\n\t\t\t<div class=\"kyber-heading-title-wrapper\">\r\n\t\t\t<h3 class=\"heading-title\">\r\n\t\t\t\tMarzysz o lataniu?<br \/>\nZapisz si\u0119 na szkolenie!\t\t\t<\/h3>\r\n\t\t<\/div>\r\n\t\t<\/div>\t\t<\/div>\r\n\t\t[\/vc_column_inner][vc_column_inner width=&#8221;7\/12&#8243;][vc_column_text]Od lat interesujesz si\u0119 lotnictwem, od lat chodzisz z g\u0142ow\u0105 zwr\u00f3con\u0105 w stron\u0119 b\u0142\u0119kitnego nieba, wypatruj\u0105c smuk\u0142ych kszta\u0142t\u00f3w l\u015bni\u0105cych w s\u0142o\u0144cu samolot\u00f3w, szybowc\u00f3w, kr\u0105\u017c\u0105cych w kominach termicznych ptak\u00f3w. Je\u015bli to co przeczyta\u0142a\u015b \/-e\u015b dotyczy Ciebie to znak, \u017ce wreszcie przysz\u0142a pora spe\u0142ni\u0107 swoje marzenia. Zapisz si\u0119 na szkolenie w naszym aeroklubie![\/vc_column_text][\/vc_column_inner][\/vc_row_inner][vc_row_inner css=&#8221;.vc_custom_1588480161936{margin-top: 30px !important;border-top-width: 1px !important;padding-top: 60px !important;border-top-color: #ececec !important;border-top-style: solid !important;}&#8221; inner_row_css_xs=&#8221;.vc_custom_1588480161938{margin-top: 0px !important;padding-top: 30px !important;}&#8221;][vc_column_inner]\t\t<div  class=\"kyber_services_wrapper kyber-services-1171548002 kyber-shortcode-wrapper services-style-2 services-layout-slider\">\r\n\t\t\t<div class=\"owl-carousel owl-theme kyber-service-wrapper\" data-owl_options=\"{&quot;items&quot;:&quot;3&quot;,&quot;loop&quot;:&quot;yes&quot;,&quot;margin&quot;:30,&quot;nav&quot;:&quot;&quot;,&quot;dots&quot;:&quot;&quot;,&quot;autoplay&quot;:&quot;yes&quot;,&quot;smartSpeed&quot;:1000,&quot;navText&quot;:[&quot;&lt;i class=&#039;flaticon-left-arrow&#039;&gt;&lt;\\\/i&gt;&quot;,&quot;&lt;i class=&#039;flaticon-next&#039;&gt;&lt;\\\/i&gt;&quot;],&quot;responsive&quot;:{&quot;0&quot;:{&quot;items&quot;:1},&quot;576&quot;:{&quot;items&quot;:2},&quot;768&quot;:{&quot;items&quot;:2},&quot;992&quot;:{&quot;items&quot;:3}}}\">\r\n\t<div class=\"kyber-service-slide\">\r\n\t<div class=\"kyber-service-service-wrapper\">\t\t\t\t\r\n\t\t<div class=\"kyber-service-service-thumbnail-wrapper\">\r\n\t\t\t\t\t\t<div class=\"kyber-service-date\">\r\n\t\t\t\t\t\t\t<i class=\"flaticon-employee\"><\/i>\r\n\t\t\t\t\t\t\t<\/div>\r\n\t\t\t<div class=\"kyber-service-title\">\t\t\t\t \r\n\t\t\t\t<h3 class=\"service-title\">\r\n\t\t\t\t\t<a href=\"http:\/\/aeroklubradom.pl\/index.php\/service\/szkolenie-szybowcowe\/\">Szkolenie szybowcowe do licencji SPL lub LAPL(S)<\/a>\r\n\t\t\t\t<\/h3>\r\n\t\t\t<\/div>\t\r\n\t\t\t<div class=\"kyber-service-content\">\t\t\t\t\t\t\r\n\t\t\t\t<p>Licencja pilota szybowcowego SPL uprawnia do samodzielnego wykonywania lot\u00f3w szybowcowych.<\/p>\n\t\t\t\t<!-- <a href=\"http:\/\/aeroklubradom.pl\/index.php\/service\/szkolenie-szybowcowe\/\">Read More<\/a> -->\r\n\t\t\t<\/div>\t\t\t\t\r\n\t\t<\/div>\r\n\t<\/div>\r\n<\/div><div class=\"kyber-service-slide\">\r\n\t<div class=\"kyber-service-service-wrapper\">\t\t\t\t\r\n\t\t<div class=\"kyber-service-service-thumbnail-wrapper\">\r\n\t\t\t\t\t\t<div class=\"kyber-service-date\">\r\n\t\t\t\t\t\t\t<i class=\"flaticon-employee\"><\/i>\r\n\t\t\t\t\t\t\t<\/div>\r\n\t\t\t<div class=\"kyber-service-title\">\t\t\t\t \r\n\t\t\t\t<h3 class=\"service-title\">\r\n\t\t\t\t\t<a href=\"http:\/\/aeroklubradom.pl\/index.php\/service\/szkolenie-samolotowe\/\">Szkolenie samolotowe do licencji PPL(A) lub LAPL(A)<\/a>\r\n\t\t\t\t<\/h3>\r\n\t\t\t<\/div>\t\r\n\t\t\t<div class=\"kyber-service-content\">\t\t\t\t\t\t\r\n\t\t\t\t<p>Licencja pilota \u2013 tzw. turystyczna \u2013 PPL(A) \u2013 uprawnia pilota do samodzielnego pilotowania samolot\u00f3w.<\/p>\n\t\t\t\t<!-- <a href=\"http:\/\/aeroklubradom.pl\/index.php\/service\/szkolenie-samolotowe\/\">Read More<\/a> -->\r\n\t\t\t<\/div>\t\t\t\t\r\n\t\t<\/div>\r\n\t<\/div>\r\n<\/div><div class=\"kyber-service-slide\">\r\n\t<div class=\"kyber-service-service-wrapper\">\t\t\t\t\r\n\t\t<div class=\"kyber-service-service-thumbnail-wrapper\">\r\n\t\t\t\t\t\t<div class=\"kyber-service-date\">\r\n\t\t\t\t\t\t\t<i class=\"flaticon-employee\"><\/i>\r\n\t\t\t\t\t\t\t<\/div>\r\n\t\t\t<div class=\"kyber-service-title\">\t\t\t\t \r\n\t\t\t\t<h3 class=\"service-title\">\r\n\t\t\t\t\t<a href=\"http:\/\/aeroklubradom.pl\/index.php\/service\/doskonalenie-umiejetnosci\/\">Doskonalenie umiej\u0119tno\u015bci pilota\u017cowych<\/a>\r\n\t\t\t\t<\/h3>\r\n\t\t\t<\/div>\t\r\n\t\t\t<div class=\"kyber-service-content\">\t\t\t\t\t\t\r\n\t\t\t\t<p>Szkolenie nie ko\u0144czy si\u0119 na uzyskaniu licencji. W ramach doskonalenia umiej\u0119tno\u015bci i zdobywania kolejnych uprawnie\u0144, oferujemy inne szkolenia.<\/p>\n\t\t\t\t<!-- <a href=\"http:\/\/aeroklubradom.pl\/index.php\/service\/doskonalenie-umiejetnosci\/\">Read More<\/a> -->\r\n\t\t\t<\/div>\t\t\t\t\r\n\t\t<\/div>\r\n\t<\/div>\r\n<\/div><\/div>\t\t<\/div>\r\n\t\t[\/vc_column_inner][\/vc_row_inner][\/vc_column][\/vc_row][vc_row css=&#8221;.vc_custom_1588478937471{padding-bottom: 70px !important;}&#8221; row_css_xs=&#8221;.vc_custom_1588478937473{padding-bottom: 30px !important;}&#8221;][vc_column]\t\t<div  class=\"kyber_custom_heading_wrapper kyber-custom-heading-456530485 kyber-shortcode-wrapper custom-heading-style-1 subtitle-text- title-text- heading-alignment- text-center\">\r\n\t\t\t<div class=\"kyber-custom-heading-wrapper\">\r\n\t\t\t<div class=\"kyber-heading-title-wrapper\">\r\n\t\t\t<h3 class=\"heading-title\">\r\n\t\t\t\tNajnowsze wpisy\t\t\t<\/h3>\r\n\t\t<\/div>\r\n\t\t<\/div>\t\t<\/div>\r\n\t\t\t\t<div  class=\"kyber_blog_wrapper kyber-blog-1351770618 kyber-shortcode-wrapper blog-style-1 blog-layout-grid\">\r\n\t\t\t<div class=\"row\">\r\n\t\t\t<div class=\"col-xl-4 col-lg-4 col-md-6 col-sm-12\">\r\n\t\t\t<div class=\"kyber-post-slide\">\r\n\t<div class=\"kyber-post-post-wrapper\">\t\t\t\t\r\n\t\t<div class=\"kyber-post-post-thumbnail-wrapper\">\r\n\t\t\t\t\t\t<div class=\"kyber-post-image-container\">\r\n\t\t\t\t\t\t\t\t\t<img decoding=\"async\" class=\"post-image\" src=\"http:\/\/aeroklubradom.pl\/wp-content\/uploads\/2026\/04\/airsky-2026-600x420.jpg\" alt=\"Pokazy lotnicze AirSKY\">\r\n\t\t\t\t\t\t\t\t<\/div>\t\t\t\t\t\r\n\t\t<\/div>\r\n\t\t<div class=\"kyber-post-content-cover\">\r\n\t\t\t<div class=\"kyber-post-date\"><span>15<\/span>kwi<\/div>\r\n\t\t\t<div class=\"kyber-post-title\">\r\n\t\t\t\t<h3 class=\"post-title\">\r\n\t\t\t\t\t<a href=\"http:\/\/aeroklubradom.pl\/index.php\/2026\/04\/15\/pokazy-lotnicze-airsky\/\">Pokazy lotnicze AirSKY<\/a>\r\n\t\t\t\t<\/h3>\r\n\t\t\t<\/div>\r\n\t\t\t<div class=\"kyber-post-content\">\t\t\t\t\t\t\r\n\t\t\t\t<div class=\"kyber-post-meta\">\r\n\t\t\t\t\t<div class=\"post-meta-item post-author\">\r\n\t\t\t\t\t\t<i class=\"far fa-user\"><\/i>\r\n\t\t\t\t\t\t<a href=\"http:\/\/aeroklubradom.pl\/index.php\/author\/adminj\/\" class=\"post-author-link\"><span class=\"post-author-name\">adminj<\/span><\/a>\r\n\t\t\t\t\t<\/div>\r\n\t\t\t\t\t<div class=\"post-meta-item post-comment\"><i class=\"far fa-comment\"><\/i>Comments (0)<\/div>\r\n\t\t\t\t<\/div>\r\n\t\t\t<\/div>\r\n\t\t<\/div>\r\n\t<\/div>\r\n<\/div>\t\t<\/div>\r\n\t\t\t\t<div class=\"col-xl-4 col-lg-4 col-md-6 col-sm-12\">\r\n\t\t\t<div class=\"kyber-post-slide\">\r\n\t<div class=\"kyber-post-post-wrapper\">\t\t\t\t\r\n\t\t<div class=\"kyber-post-post-thumbnail-wrapper\">\r\n\t\t\t\t\t\t<div class=\"kyber-post-image-container\">\r\n\t\t\t\t\t\t\t\t\t<img decoding=\"async\" class=\"post-image\" src=\"http:\/\/aeroklubradom.pl\/wp-content\/uploads\/2026\/03\/80lecie-zaproszenie-zajawka-600x420.jpg\" alt=\"Zaproszenie na uroczyste obchody 80lecia Aeroklubu Radomskiego\">\r\n\t\t\t\t\t\t\t\t<\/div>\t\t\t\t\t\r\n\t\t<\/div>\r\n\t\t<div class=\"kyber-post-content-cover\">\r\n\t\t\t<div class=\"kyber-post-date\"><span>11<\/span>mar<\/div>\r\n\t\t\t<div class=\"kyber-post-title\">\r\n\t\t\t\t<h3 class=\"post-title\">\r\n\t\t\t\t\t<a href=\"http:\/\/aeroklubradom.pl\/index.php\/2026\/03\/11\/zaproszenie-na-uroczyste-obchody-80lecia-aeroklubu-radomskiego\/\">Zaproszenie na uroczyste obchody 80lecia Aeroklubu Radomskiego<\/a>\r\n\t\t\t\t<\/h3>\r\n\t\t\t<\/div>\r\n\t\t\t<div class=\"kyber-post-content\">\t\t\t\t\t\t\r\n\t\t\t\t<div class=\"kyber-post-meta\">\r\n\t\t\t\t\t<div class=\"post-meta-item post-author\">\r\n\t\t\t\t\t\t<i class=\"far fa-user\"><\/i>\r\n\t\t\t\t\t\t<a href=\"http:\/\/aeroklubradom.pl\/index.php\/author\/adminj\/\" class=\"post-author-link\"><span class=\"post-author-name\">adminj<\/span><\/a>\r\n\t\t\t\t\t<\/div>\r\n\t\t\t\t\t<div class=\"post-meta-item post-comment\"><i class=\"far fa-comment\"><\/i>Comments (0)<\/div>\r\n\t\t\t\t<\/div>\r\n\t\t\t<\/div>\r\n\t\t<\/div>\r\n\t<\/div>\r\n<\/div>\t\t<\/div>\r\n\t\t\t\t<div class=\"col-xl-4 col-lg-4 col-md-6 col-sm-12\">\r\n\t\t\t<div class=\"kyber-post-slide\">\r\n\t<div class=\"kyber-post-post-wrapper\">\t\t\t\t\r\n\t\t<div class=\"kyber-post-post-thumbnail-wrapper\">\r\n\t\t\t\t\t\t<div class=\"kyber-post-image-container\">\r\n\t\t\t\t\t\t\t\t\t<img decoding=\"async\" class=\"post-image\" src=\"http:\/\/aeroklubradom.pl\/wp-content\/uploads\/2026\/01\/Szkolenie-lotnicze2-2026-600x420.png\" alt=\"Drugie spotkanie organizacyjne przed szkoleniem lotniczym 2026\">\r\n\t\t\t\t\t\t\t\t<\/div>\t\t\t\t\t\r\n\t\t<\/div>\r\n\t\t<div class=\"kyber-post-content-cover\">\r\n\t\t\t<div class=\"kyber-post-date\"><span>28<\/span>sty<\/div>\r\n\t\t\t<div class=\"kyber-post-title\">\r\n\t\t\t\t<h3 class=\"post-title\">\r\n\t\t\t\t\t<a href=\"http:\/\/aeroklubradom.pl\/index.php\/2026\/01\/28\/drugie-spotkanie-organizacyjne-przed-szkoleniem-lotniczym-2026\/\">Drugie spotkanie organizacyjne przed szkoleniem lotniczym 2026<\/a>\r\n\t\t\t\t<\/h3>\r\n\t\t\t<\/div>\r\n\t\t\t<div class=\"kyber-post-content\">\t\t\t\t\t\t\r\n\t\t\t\t<div class=\"kyber-post-meta\">\r\n\t\t\t\t\t<div class=\"post-meta-item post-author\">\r\n\t\t\t\t\t\t<i class=\"far fa-user\"><\/i>\r\n\t\t\t\t\t\t<a href=\"http:\/\/aeroklubradom.pl\/index.php\/author\/adminj\/\" class=\"post-author-link\"><span class=\"post-author-name\">adminj<\/span><\/a>\r\n\t\t\t\t\t<\/div>\r\n\t\t\t\t\t<div class=\"post-meta-item post-comment\"><i class=\"far fa-comment\"><\/i>Comments (0)<\/div>\r\n\t\t\t\t<\/div>\r\n\t\t\t<\/div>\r\n\t\t<\/div>\r\n\t<\/div>\r\n<\/div>\t\t<\/div>\r\n\t\t\t\t<div class=\"col-xl-4 col-lg-4 col-md-6 col-sm-12\">\r\n\t\t\t<div class=\"kyber-post-slide\">\r\n\t<div class=\"kyber-post-post-wrapper\">\t\t\t\t\r\n\t\t<div class=\"kyber-post-post-thumbnail-wrapper\">\r\n\t\t\t\t\t\t<div class=\"kyber-post-image-container\">\r\n\t\t\t\t\t\t\t\t\t<img decoding=\"async\" class=\"post-image\" src=\"http:\/\/aeroklubradom.pl\/wp-content\/uploads\/2026\/01\/Szkolenie-lotnicze-2025-600x420.png\" alt=\"Spotkanie dla zainteresowanych szkoleniem szybowcowym, samolotowym i spadochronowym\">\r\n\t\t\t\t\t\t\t\t<\/div>\t\t\t\t\t\r\n\t\t<\/div>\r\n\t\t<div class=\"kyber-post-content-cover\">\r\n\t\t\t<div class=\"kyber-post-date\"><span>05<\/span>sty<\/div>\r\n\t\t\t<div class=\"kyber-post-title\">\r\n\t\t\t\t<h3 class=\"post-title\">\r\n\t\t\t\t\t<a href=\"http:\/\/aeroklubradom.pl\/index.php\/2026\/01\/05\/spotkanie-dla-zainteresowanych-szkoleniem-szybowcowym-samolotowym-i-spadochronowym\/\">Spotkanie dla zainteresowanych szkoleniem szybowcowym, samolotowym i spadochronowym<\/a>\r\n\t\t\t\t<\/h3>\r\n\t\t\t<\/div>\r\n\t\t\t<div class=\"kyber-post-content\">\t\t\t\t\t\t\r\n\t\t\t\t<div class=\"kyber-post-meta\">\r\n\t\t\t\t\t<div class=\"post-meta-item post-author\">\r\n\t\t\t\t\t\t<i class=\"far fa-user\"><\/i>\r\n\t\t\t\t\t\t<a href=\"http:\/\/aeroklubradom.pl\/index.php\/author\/adminj\/\" class=\"post-author-link\"><span class=\"post-author-name\">adminj<\/span><\/a>\r\n\t\t\t\t\t<\/div>\r\n\t\t\t\t\t<div class=\"post-meta-item post-comment\"><i class=\"far fa-comment\"><\/i>Comments (0)<\/div>\r\n\t\t\t\t<\/div>\r\n\t\t\t<\/div>\r\n\t\t<\/div>\r\n\t<\/div>\r\n<\/div>\t\t<\/div>\r\n\t\t\t\t<div class=\"col-xl-4 col-lg-4 col-md-6 col-sm-12\">\r\n\t\t\t<div class=\"kyber-post-slide\">\r\n\t<div class=\"kyber-post-post-wrapper\">\t\t\t\t\r\n\t\t<div class=\"kyber-post-post-thumbnail-wrapper\">\r\n\t\t\t\t\t\t<div class=\"kyber-post-image-container\">\r\n\t\t\t\t\t\t\t\t\t<img decoding=\"async\" class=\"post-image\" src=\"http:\/\/aeroklubradom.pl\/wp-content\/uploads\/2025\/04\/2025_jedlinsky-600x420.jpg\" alt=\"Pokazy lotnicze JEDLI\u0143SKY 2025\">\r\n\t\t\t\t\t\t\t\t<\/div>\t\t\t\t\t\r\n\t\t<\/div>\r\n\t\t<div class=\"kyber-post-content-cover\">\r\n\t\t\t<div class=\"kyber-post-date\"><span>06<\/span>kwi<\/div>\r\n\t\t\t<div class=\"kyber-post-title\">\r\n\t\t\t\t<h3 class=\"post-title\">\r\n\t\t\t\t\t<a href=\"http:\/\/aeroklubradom.pl\/index.php\/2025\/04\/06\/pokazy-lotnicze-jedlinsky-2025\/\">Pokazy lotnicze JEDLI\u0143SKY 2025<\/a>\r\n\t\t\t\t<\/h3>\r\n\t\t\t<\/div>\r\n\t\t\t<div class=\"kyber-post-content\">\t\t\t\t\t\t\r\n\t\t\t\t<div class=\"kyber-post-meta\">\r\n\t\t\t\t\t<div class=\"post-meta-item post-author\">\r\n\t\t\t\t\t\t<i class=\"far fa-user\"><\/i>\r\n\t\t\t\t\t\t<a href=\"http:\/\/aeroklubradom.pl\/index.php\/author\/adminj\/\" class=\"post-author-link\"><span class=\"post-author-name\">adminj<\/span><\/a>\r\n\t\t\t\t\t<\/div>\r\n\t\t\t\t\t<div class=\"post-meta-item post-comment\"><i class=\"far fa-comment\"><\/i>Comments (0)<\/div>\r\n\t\t\t\t<\/div>\r\n\t\t\t<\/div>\r\n\t\t<\/div>\r\n\t<\/div>\r\n<\/div>\t\t<\/div>\r\n\t\t\t\t<div class=\"col-xl-4 col-lg-4 col-md-6 col-sm-12\">\r\n\t\t\t<div class=\"kyber-post-slide\">\r\n\t<div class=\"kyber-post-post-wrapper\">\t\t\t\t\r\n\t\t<div class=\"kyber-post-post-thumbnail-wrapper\">\r\n\t\t\t\t\t\t<div class=\"kyber-post-image-container\">\r\n\t\t\t\t\t\t\t\t\t<img decoding=\"async\" class=\"post-image\" src=\"http:\/\/aeroklubradom.pl\/wp-content\/uploads\/2025\/03\/2025_piknik_bartek-600x420.jpg\" alt=\"Piknik lotniczy #Lataj Dla Bartka\">\r\n\t\t\t\t\t\t\t\t<\/div>\t\t\t\t\t\r\n\t\t<\/div>\r\n\t\t<div class=\"kyber-post-content-cover\">\r\n\t\t\t<div class=\"kyber-post-date\"><span>26<\/span>mar<\/div>\r\n\t\t\t<div class=\"kyber-post-title\">\r\n\t\t\t\t<h3 class=\"post-title\">\r\n\t\t\t\t\t<a href=\"http:\/\/aeroklubradom.pl\/index.php\/2025\/03\/26\/piknik-lotniczy-lataj-dla-bartka\/\">Piknik lotniczy #Lataj Dla Bartka<\/a>\r\n\t\t\t\t<\/h3>\r\n\t\t\t<\/div>\r\n\t\t\t<div class=\"kyber-post-content\">\t\t\t\t\t\t\r\n\t\t\t\t<div class=\"kyber-post-meta\">\r\n\t\t\t\t\t<div class=\"post-meta-item post-author\">\r\n\t\t\t\t\t\t<i class=\"far fa-user\"><\/i>\r\n\t\t\t\t\t\t<a href=\"http:\/\/aeroklubradom.pl\/index.php\/author\/adminj\/\" class=\"post-author-link\"><span class=\"post-author-name\">adminj<\/span><\/a>\r\n\t\t\t\t\t<\/div>\r\n\t\t\t\t\t<div class=\"post-meta-item post-comment\"><i class=\"far fa-comment\"><\/i>Comments (0)<\/div>\r\n\t\t\t\t<\/div>\r\n\t\t\t<\/div>\r\n\t\t<\/div>\r\n\t<\/div>\r\n<\/div>\t\t<\/div>\r\n\t\t<\/div>\r\n\t\t<\/div>\r\n\t\t[\/vc_column][\/vc_row]<\/p>\n<\/section>","protected":false},"excerpt":{"rendered":"<p>[vc_row css=&#8221;.vc_custom_1587122763269{margin-top: -33px !important;padding-top: 0px !important;padding-bottom: 0px !important;}&#8221; row_css_md=&#8221;.vc_custom_1587122763270{margin-top: 0px !important;}&#8221;][vc_column][\/vc_column][\/vc_row][vc_row full_width=&#8221;stretch_row&#8221; bg_color_scheme=&#8221;tertiary&#8221; row_css_md=&#8221;.vc_custom_1588432042623{background-position: 0 0 !important;background-repeat: no-repeat !important;}&#8221; el_class=&#8221;row-overflow-vs kyber-z-index-1&#8243; css=&#8221;.vc_custom_1588432042621{padding-bottom: 0px !important;}&#8221; row_css_xs=&#8221;.vc_custom_1588432042624{padding-top: 0px !important;}&#8221;][vc_column bg_position=&#8221;right-top&#8221; css=&#8221;.vc_custom_1588432154887{margin-top: -200px !important;padding-top: 80px !important;padding-right: 60px !important;padding-bottom: 50px !important;padding-left: 60px !important;background: #ffffff url(https:\/\/themecrafter.com\/kyber\/wp-content\/uploads\/2020\/03\/bg-01.jpg?id=108) !important;background-position: 0 0 !important;background-repeat: no-repeat !important;}&#8221; column_css_xs=&#8221;.vc_custom_1588432154890{margin-top: 0px !important;padding-top: 60px !important;padding-right: 15px !important;padding-bottom: 30px [&hellip;]<\/p>\n","protected":false},"author":1,"featured_media":0,"parent":0,"menu_order":0,"comment_status":"closed","ping_status":"closed","template":"templates\/full-width.php","meta":{"footnotes":""},"class_list":["post-70","page","type-page","status-publish","hentry"],"_links":{"self":[{"href":"http:\/\/aeroklubradom.pl\/index.php\/wp-json\/wp\/v2\/pages\/70","targetHints":{"allow":["GET"]}}],"collection":[{"href":"http:\/\/aeroklubradom.pl\/index.php\/wp-json\/wp\/v2\/pages"}],"about":[{"href":"http:\/\/aeroklubradom.pl\/index.php\/wp-json\/wp\/v2\/types\/page"}],"author":[{"embeddable":true,"href":"http:\/\/aeroklubradom.pl\/index.php\/wp-json\/wp\/v2\/users\/1"}],"replies":[{"embeddable":true,"href":"http:\/\/aeroklubradom.pl\/index.php\/wp-json\/wp\/v2\/comments?post=70"}],"version-history":[{"count":6,"href":"http:\/\/aeroklubradom.pl\/index.php\/wp-json\/wp\/v2\/pages\/70\/revisions"}],"predecessor-version":[{"id":2927,"href":"http:\/\/aeroklubradom.pl\/index.php\/wp-json\/wp\/v2\/pages\/70\/revisions\/2927"}],"wp:attachment":[{"href":"http:\/\/aeroklubradom.pl\/index.php\/wp-json\/wp\/v2\/media?parent=70"}],"curies":[{"name":"wp","href":"https:\/\/api.w.org\/{rel}","templated":true}]}}